{"id":126,"date":"2016-02-17T13:42:08","date_gmt":"2016-02-17T13:42:08","guid":{"rendered":"http:\/\/test.kriesi.at\/consulting\/?page_id=9"},"modified":"2022-06-24T03:50:58","modified_gmt":"2022-06-24T03:50:58","slug":"bienvenido","status":"publish","type":"page","link":"https:\/\/agringes.testme.es\/index.php\/bienvenido\/","title":{"rendered":"Bienvenido"},"content":{"rendered":"<p>[av_slideshow_full size=&#8217;no scaling&#8217; stretch=\u00bb animation=&#8217;slide_up&#8217; autoplay=&#8217;true&#8217; interval=&#8217;5&#8242; control_layout=&#8217;av-control-minimal&#8217; perma_caption=&#8217;aviaTBperma_caption&#8217; src=\u00bb attachment=\u00bb attachment_size=\u00bb position=&#8217;top left&#8217; repeat=&#8217;no-repeat&#8217; attach=&#8217;scroll&#8217;]<br \/>\n[av_slide_full slide_type=&#8217;image&#8217; id=&#8217;154&#8242; video=\u00bb mobile_image=\u00bb video_format=\u00bb video_ratio=\u00bb title=&#8217;Somos Agringes Navarra&#8217; custom_title_size=&#8217;40&#8217; custom_content_size=&#8217;20&#8217; caption_pos=&#8217;caption_bottom caption_bottom_framed caption_framed&#8217; link_apply=\u00bb link=&#8217;lightbox&#8217; link_target=\u00bb button_label=\u00bb button_color=&#8217;light&#8217; link1=&#8217;manually,http:\/\/&#8217; link_target1=\u00bb button_label2=\u00bb button_color2=&#8217;light&#8217; link2=&#8217;manually,http:\/\/&#8217; link_target2=\u00bb font_color=\u00bb custom_title=&#8217;#000000&#8242; custom_content=&#8217;#000000&#8242; overlay_opacity=&#8217;0.6&#8242; overlay_color=&#8217;#e0ae49&#8242; overlay_pattern=\u00bb overlay_custom_pattern=\u00bb]<br \/>\nEstamos especializados en el almacenaje, transporte y aplicaci\u00f3n de residuos.<br \/>\n[\/av_slide_full]<br \/>\n[av_slide_full id=&#8217;159&#8242; slide_type=\u00bb video=&#8217;http:\/\/&#8217; mobile_image=\u00bb video_format=\u00bb video_ratio=&#8217;16:9&#8242; video_controls=\u00bb video_mute=\u00bb video_loop=\u00bb video_autoplay=\u00bb title=\u00bb custom_title_size=\u00bb custom_content_size=\u00bb caption_pos=&#8217;caption_bottom&#8217; link_apply=\u00bb link=\u00bb link_target=\u00bb button_label=&#8217;Click me&#8217; button_color=&#8217;light&#8217; link1=\u00bb link_target1=\u00bb button_label2=&#8217;Click me&#8217; button_color2=&#8217;light&#8217; link2=\u00bb link_target2=\u00bb font_color=\u00bb custom_title=\u00bb custom_content=\u00bb overlay_enable=\u00bb overlay_opacity=&#8217;0.5&#8242; overlay_color=\u00bb overlay_pattern=\u00bb overlay_custom_pattern=\u00bb][\/av_slide_full]<br \/>\n[av_slide_full id=&#8217;160&#8242; slide_type=\u00bb video=&#8217;http:\/\/&#8217; mobile_image=\u00bb video_format=\u00bb video_ratio=&#8217;16:9&#8242; video_controls=\u00bb video_mute=\u00bb video_loop=\u00bb video_autoplay=\u00bb title=\u00bb custom_title_size=\u00bb custom_content_size=\u00bb caption_pos=&#8217;caption_bottom&#8217; link_apply=\u00bb link=\u00bb link_target=\u00bb button_label=&#8217;Click me&#8217; button_color=&#8217;light&#8217; link1=\u00bb link_target1=\u00bb button_label2=&#8217;Click me&#8217; button_color2=&#8217;light&#8217; link2=\u00bb link_target2=\u00bb font_color=\u00bb custom_title=\u00bb custom_content=\u00bb overlay_enable=\u00bb overlay_opacity=&#8217;0.5&#8242; overlay_color=\u00bb overlay_pattern=\u00bb overlay_custom_pattern=\u00bb][\/av_slide_full]<br \/>\n[\/av_slideshow_full]<\/p>\n<p>[av_section min_height=\u00bb min_height_px=&#8217;500px&#8217; padding=&#8217;huge&#8217; shadow=&#8217;no-border-styling&#8217; bottom_border=&#8217;no-border-styling&#8217; id=\u00bb color=&#8217;main_color&#8217; custom_bg=\u00bb src=\u00bb attachment=\u00bb attachment_size=\u00bb attach=&#8217;scroll&#8217; position=&#8217;top left&#8217; repeat=&#8217;no-repeat&#8217; video=\u00bb video_ratio=&#8217;16:9&#8242; overlay_opacity=&#8217;0.5&#8242; overlay_color=\u00bb overlay_pattern=\u00bb overlay_custom_pattern=\u00bb]<\/p>\n<p>[av_heading tag=&#8217;h2&#8242; padding=&#8217;35&#8217; heading=&#8217;Transporte de residuos no peligrosos,<br \/>\nlodos, esti\u00e9rcoles, compost&#8230;&#8217; color=\u00bb style=&#8217;blockquote modern-quote modern-centered&#8217; custom_font=\u00bb size=\u00bb subheading_active=\u00bb subheading_size=&#8217;15&#8217; custom_class=\u00bb][\/av_heading]<\/p>\n<p>[av_one_third first min_height=\u00bb vertical_alignment=\u00bb space=\u00bb custom_margin=\u00bb margin=&#8217;0px&#8217; padding=&#8217;0px&#8217; border=\u00bb border_color=\u00bb radius=&#8217;0px&#8217; background_color=\u00bb src=\u00bb background_position=&#8217;top left&#8217; background_repeat=&#8217;no-repeat&#8217; animation=\u00bb]<\/p>\n<p>[av_icon_box position=&#8217;top&#8217; boxed=&#8217;av-no-box&#8217; icon=&#8217;ue812&#8242; font=&#8217;entypo-fontello&#8217; title=&#8217;Investigaci\u00f3n&#8217; link=\u00bb linktarget=\u00bb linkelement=\u00bb font_color=\u00bb custom_title=\u00bb custom_content=\u00bb color=&#8217;custom&#8217; custom_bg=&#8217;#ffffff&#8217; custom_font=&#8217;#e0ae49&#8242; custom_border=&#8217;#e0ae49&#8242;]<br \/>\nDesarrollamos los m\u00e9todos para el mejor tratamientoo.<br \/>\n[\/av_icon_box]<\/p>\n<p>[\/av_one_third][av_one_third min_height=\u00bb vertical_alignment=\u00bb space=\u00bb custom_margin=\u00bb margin=&#8217;0px&#8217; padding=&#8217;0px&#8217; border=\u00bb border_color=\u00bb radius=&#8217;0px&#8217; background_color=\u00bb src=\u00bb background_position=&#8217;top left&#8217; background_repeat=&#8217;no-repeat&#8217; animation=\u00bb]<\/p>\n<p>[av_icon_box position=&#8217;top&#8217; boxed=&#8217;av-no-box&#8217; icon=&#8217;ue821&#8242; font=&#8217;entypo-fontello&#8217; title=&#8217;Instalaciones&#8217; link=\u00bb linktarget=\u00bb linkelement=\u00bb font_color=\u00bb custom_title=\u00bb custom_content=\u00bb color=&#8217;custom&#8217; custom_bg=&#8217;#ffffff&#8217; custom_font=&#8217;#e0ae49&#8242; custom_border=&#8217;#e0ae49&#8242;]<br \/>\nAl servicio de la conservaci\u00f3n con seguridad.<br \/>\n[\/av_icon_box]<\/p>\n<p>[\/av_one_third][av_one_third min_height=\u00bb vertical_alignment=\u00bb space=\u00bb custom_margin=\u00bb margin=&#8217;0px&#8217; padding=&#8217;0px&#8217; border=\u00bb border_color=\u00bb radius=&#8217;0px&#8217; background_color=\u00bb src=\u00bb background_position=&#8217;top left&#8217; background_repeat=&#8217;no-repeat&#8217; animation=\u00bb]<\/p>\n<p>[av_icon_box position=&#8217;top&#8217; boxed=&#8217;av-no-box&#8217; icon=&#8217;ue866&#8242; font=&#8217;entypo-fontello&#8217; title=&#8217;Aplicaci\u00f3n&#8217; link=\u00bb linktarget=\u00bb linkelement=\u00bb font_color=\u00bb custom_title=\u00bb custom_content=\u00bb color=&#8217;custom&#8217; custom_bg=&#8217;#ffffff&#8217; custom_font=&#8217;#e0ae49&#8242; custom_border=&#8217;#e0ae49&#8242;]<br \/>\nConseguimos el mejor aprovechamiento de producto.<br \/>\n[\/av_icon_box]<\/p>\n<p>[\/av_one_third][\/av_section][av_layout_row border=\u00bb min_height=&#8217;0&#8242; color=&#8217;main_color&#8217; mobile=&#8217;av-flex-cells&#8217; id=&#8217;servicios&#8217;]<br \/>\n[av_cell_one_half vertical_align=&#8217;middle&#8217; padding=&#8217;0px&#8217; padding_sync=&#8217;true&#8217; background_color=&#8217;#ffffff&#8217; src=\u00bb attachment=\u00bb attachment_size=\u00bb background_attachment=&#8217;scroll&#8217; background_position=&#8217;top left&#8217; background_repeat=&#8217;no-repeat&#8217; mobile_display=\u00bb]<\/p>\n<p>[av_image src=&#8217;http:\/\/agringes.com\/wp-content\/uploads\/2016\/02\/agringes-2-1.jpg&#8217; attachment=&#8217;174&#8242; attachment_size=&#8217;full&#8217; align=&#8217;center&#8217; styling=&#8217;no-styling&#8217; hover=&#8217;av-hover-grow&#8217; link=\u00bb target=\u00bb caption=\u00bb font_size=\u00bb appearance=\u00bb overlay_opacity=&#8217;0.4&#8242; overlay_color=&#8217;#000000&#8242; overlay_text_color=&#8217;#ffffff&#8217; animation=&#8217;no-animation&#8217;][\/av_image]<\/p>\n<p>[\/av_cell_one_half][av_cell_one_half vertical_align=&#8217;middle&#8217; padding=&#8217;50px&#8217; padding_sync=&#8217;true&#8217; background_color=&#8217;#ffffff&#8217; src=\u00bb attachment=\u00bb attachment_size=\u00bb background_attachment=&#8217;scroll&#8217; background_position=&#8217;top left&#8217; background_repeat=&#8217;no-repeat&#8217;]<\/p>\n<p>[av_heading tag=&#8217;h2&#8242; padding=&#8217;20&#8217; heading=&#8217;Servicios&#8217; color=\u00bb style=&#8217;blockquote modern-quote&#8217; custom_font=\u00bb size=\u00bb subheading_active=&#8217;subheading_below&#8217; subheading_size=&#8217;23&#8217; custom_class=\u00bb]<br \/>\nNuestra experiencia al servicio de tu empresa<br \/>\n[\/av_heading]<\/p>\n<p>[av_textblock size=\u00bb font_color=\u00bb color=\u00bb]<\/p>\n<ol>\n<li class=\"p1\">Transporte de residuos no peligrosos, lodos, esti\u00e9rcoles, compost\u2026<\/li>\n<li class=\"p1\">Aplicaci\u00f3n directa en campo mediante cami\u00f3n esparcidor.<\/li>\n<\/ol>\n<p class=\"p1\">Contamos con una experiencia de 8 a\u00f1os en realizaci\u00f3n de trabajos auxiliares de valorizaci\u00f3n de lodos y restos verdes en EDAR.<\/p>\n<p>[\/av_textblock]<\/p>\n<p>[\/av_cell_one_half]<br \/>\n[\/av_layout_row]<\/p>\n<p>[av_layout_row border=\u00bb min_height=&#8217;0&#8242; color=&#8217;main_color&#8217; mobile=&#8217;av-flex-cells&#8217; id=&#8217;agringes-navarra&#8217;]<br \/>\n[av_cell_one_half vertical_align=&#8217;middle&#8217; padding=&#8217;50px&#8217; padding_sync=&#8217;true&#8217; background_color=\u00bb src=\u00bb attachment=\u00bb attachment_size=\u00bb background_attachment=&#8217;scroll&#8217; background_position=&#8217;top left&#8217; background_repeat=&#8217;no-repeat&#8217; mobile_display=\u00bb]<\/p>\n<p>[av_heading tag=&#8217;h2&#8242; padding=&#8217;20&#8217; heading=&#8217;Empresa&#8217; color=\u00bb style=&#8217;blockquote modern-quote&#8217; custom_font=\u00bb size=\u00bb subheading_active=&#8217;subheading_below&#8217; subheading_size=&#8217;22&#8217; custom_class=\u00bb]<br \/>\nAgringes Navarra<br \/>\n[\/av_heading]<\/p>\n<p>[av_textblock size=\u00bb font_color=\u00bb color=\u00bb]<\/p>\n<p class=\"p1\">Fundada en el a\u00f1o 2007, AGRINGES NAVARRA, S.L. se constituy\u00f3 con el objetivo principal de llevar a cabo la recepci\u00f3n, almacenaje, distribuci\u00f3n, transporte y manipulaci\u00f3n de productos y residuos no peligrosos, en especial lodos procedentes de EDAR, esti\u00e9rcoles y enmiendas org\u00e1nicas.<\/p>\n<div lang=\"ES\">\n<div class=\"m_-1996205088674929794WordSection1\">\n<p class=\"m_-1996205088674929794MsoListParagraph\">Desde el a\u00f1o 2010, se encuentra inscrita en el Registro de entidades dedicadas a la explotaci\u00f3n agr\u00edcola de lodos, adscrito al Departamento de Desarrollo Rural y Medio Ambiente.<\/p>\n<\/div>\n<\/div>\n<p>[\/av_textblock]<\/p>\n<p>[\/av_cell_one_half][av_cell_one_half vertical_align=&#8217;middle&#8217; padding=&#8217;0px&#8217; padding_sync=&#8217;true&#8217; background_color=\u00bb src=\u00bb attachment=\u00bb attachment_size=\u00bb background_attachment=&#8217;scroll&#8217; background_position=&#8217;top left&#8217; background_repeat=&#8217;no-repeat&#8217; mobile_display=\u00bb]<\/p>\n<p>[av_image src=&#8217;http:\/\/agringes.com\/wp-content\/uploads\/2016\/02\/agringes-6-1.jpg&#8217; attachment=&#8217;183&#8242; attachment_size=&#8217;full&#8217; align=&#8217;center&#8217; styling=&#8217;no-styling&#8217; hover=&#8217;av-hover-grow&#8217; link=\u00bb target=\u00bb caption=\u00bb font_size=\u00bb appearance=\u00bb overlay_opacity=&#8217;0.4&#8242; overlay_color=&#8217;#000000&#8242; overlay_text_color=&#8217;#ffffff&#8217; animation=&#8217;no-animation&#8217;][\/av_image]<\/p>\n<p>[\/av_cell_one_half]<br \/>\n[\/av_layout_row]<\/p>\n<p>[av_layout_row border=\u00bb min_height=&#8217;0&#8242; color=&#8217;main_color&#8217; mobile=&#8217;av-flex-cells&#8217; id=&#8217;contacto&#8217;]<br \/>\n[av_cell_one_half vertical_align=&#8217;middle&#8217; padding=&#8217;50px&#8217; padding_sync=&#8217;true&#8217; background_color=&#8217;#ffffff&#8217; src=\u00bb attachment=\u00bb attachment_size=\u00bb background_attachment=&#8217;scroll&#8217; background_position=&#8217;top left&#8217; background_repeat=&#8217;no-repeat&#8217; mobile_display=\u00bb]<\/p>\n<p>[av_heading tag=&#8217;h3&#8242; padding=&#8217;30&#8217; heading=&#8217;Cont\u00e1ctanos&#8217; color=\u00bb style=&#8217;blockquote modern-quote modern-centered&#8217; custom_font=\u00bb size=&#8217;30&#8217; subheading_active=\u00bb subheading_size=&#8217;15&#8217; custom_class=\u00bb][\/av_heading]<\/p>\n<p>[av_textblock size=\u00bb font_color=\u00bb color=\u00bb]<br \/>\nRellena el siguiente formulario si deseas ponerte en contacto con nosotros. Resolvemos tus dudas.<br \/>\n[\/av_textblock]<\/p>\n<p>[av_contact email=&#8217;oficinas@agringesnavarra.es&#8217; title=\u00bb button=&#8217;Enviar&#8217; on_send=\u00bb sent=&#8217;\u00a1Tu mensaje se ha enviado correctamente!&#8217; link=&#8217;manually,http:\/\/&#8217; subject=\u00bb autorespond=\u00bb captcha=\u00bb form_align=\u00bb color=\u00bb]<br \/>\n[av_contact_field label=&#8217;Nombre&#8217; type=&#8217;text&#8217; check=&#8217;is_empty&#8217; options=\u00bb multi_select=\u00bb width=\u00bb][\/av_contact_field]<br \/>\n[av_contact_field label=&#8217;Correo electr\u00f3nico&#8217; type=&#8217;text&#8217; check=&#8217;is_email&#8217; options=\u00bb multi_select=\u00bb width=\u00bb][\/av_contact_field]<br \/>\n[av_contact_field label=&#8217;Asunto&#8217; type=&#8217;text&#8217; check=&#8217;is_empty&#8217; options=\u00bb multi_select=\u00bb width=\u00bb][\/av_contact_field]<br \/>\n[av_contact_field label=&#8217;Mensaje&#8217; type=&#8217;textarea&#8217; check=&#8217;is_empty&#8217; options=\u00bb multi_select=\u00bb width=\u00bb][\/av_contact_field]<br \/>\n[\/av_contact]<\/p>\n<p>[\/av_cell_one_half][av_cell_one_half vertical_align=&#8217;middle&#8217; padding=&#8217;0px&#8217; padding_sync=&#8217;true&#8217; background_color=&#8217;#ffffff&#8217; src=\u00bb attachment=\u00bb attachment_size=\u00bb background_attachment=&#8217;scroll&#8217; background_position=&#8217;top left&#8217; background_repeat=&#8217;no-repeat&#8217;]<\/p>\n<p>[av_google_map height=&#8217;850px&#8217; zoom=&#8217;11&#8217; saturation=&#8217;-50&#8242; hue=&#8217;#e0ae49&#8242; zoom_control=&#8217;aviaTBzoom_control&#8217;]<br \/>\n[av_gmap_location address=&#8217;Abadia 3&#8242; city=&#8217;Ayesa (Navarra)&#8217; country=&#8217;Espa\u00f1a&#8217; long=&#8217;-1.4229922&#8242; lat=&#8217;42.5718369&#8242; marker=\u00bb imagesize=&#8217;60&#8217; tooltip_display=\u00bb][\/av_gmap_location]<br \/>\n[\/av_google_map]<\/p>\n<p>[\/av_cell_one_half]<br \/>\n[\/av_layout_row]<\/p>\n","protected":false},"excerpt":{"rendered":"<p>[av_slideshow_full size=&#8217;no scaling&#8217; stretch=\u00bb animation=&#8217;slide_up&#8217; autoplay=&#8217;true&#8217; interval=&#8217;5&#8242; control_layout=&#8217;av-control-minimal&#8217; perma_caption=&#8217;aviaTBperma_caption&#8217; src=\u00bb attachment=\u00bb attachment_size=\u00bb position=&#8217;top left&#8217; repeat=&#8217;no-repeat&#8217; attach=&#8217;scroll&#8217;] [av_slide_full slide_type=&#8217;image&#8217; id=&#8217;154&#8242; video=\u00bb mobile_image=\u00bb video_format=\u00bb video_ratio=\u00bb title=&#8217;Somos Agringes Navarra&#8217; custom_title_size=&#8217;40&#8217; custom_content_size=&#8217;20&#8217; caption_pos=&#8217;caption_bottom caption_bottom_framed caption_framed&#8217; link_apply=\u00bb link=&#8217;lightbox&#8217; link_target=\u00bb button_label=\u00bb button_color=&#8217;light&#8217; link1=&#8217;manually,http:\/\/&#8217; link_target1=\u00bb button_label2=\u00bb button_color2=&#8217;light&#8217; link2=&#8217;manually,http:\/\/&#8217; link_target2=\u00bb font_color=\u00bb custom_title=&#8217;#000000&#8242; custom_content=&#8217;#000000&#8242; overlay_opacity=&#8217;0.6&#8242; overlay_color=&#8217;#e0ae49&#8242; overlay_pattern=\u00bb overlay_custom_pattern=\u00bb] Estamos especializados en el almacenaje, transporte [&hellip;]<\/p>\n","protected":false},"author":1,"featured_media":0,"parent":0,"menu_order":0,"comment_status":"closed","ping_status":"closed","template":"","meta":[],"_links":{"self":[{"href":"https:\/\/agringes.testme.es\/index.php\/wp-json\/wp\/v2\/pages\/126"}],"collection":[{"href":"https:\/\/agringes.testme.es\/index.php\/wp-json\/wp\/v2\/pages"}],"about":[{"href":"https:\/\/agringes.testme.es\/index.php\/wp-json\/wp\/v2\/types\/page"}],"author":[{"embeddable":true,"href":"https:\/\/agringes.testme.es\/index.php\/wp-json\/wp\/v2\/users\/1"}],"replies":[{"embeddable":true,"href":"https:\/\/agringes.testme.es\/index.php\/wp-json\/wp\/v2\/comments?post=126"}],"version-history":[{"count":48,"href":"https:\/\/agringes.testme.es\/index.php\/wp-json\/wp\/v2\/pages\/126\/revisions"}],"predecessor-version":[{"id":205,"href":"https:\/\/agringes.testme.es\/index.php\/wp-json\/wp\/v2\/pages\/126\/revisions\/205"}],"wp:attachment":[{"href":"https:\/\/agringes.testme.es\/index.php\/wp-json\/wp\/v2\/media?parent=126"}],"curies":[{"name":"wp","href":"https:\/\/api.w.org\/{rel}","templated":true}]}}